ose -t - 22 = -3*t. Let w(s) = 7*s - 18. What is the remainder when w(7) is divided by t?
9
Let k = -8 + -140. What is the remainder when 52 is divided by (-8)/10 - k/10?
10
Let v be 5/10 + (-11)/(-2). Suppose 0 = v*b - b - 80. What is the remainder when 125 is divided by b?
13
Let b = 35 - 9. Suppose -4*c + 938 = -346. Suppose -3*f - 3*w + c = 0, -2*w - 11 - 183 = -2*f. Calculate the remainder when f is divided by b.
24
Let a(q) = 13*q + 404. Calculate the remainder when 36 is divided by a(-30).
8
Suppose -h = h + s - 120, 3*h = 4*s + 191. Let p(l) = 12*l + 160. Calculate the remainder when h is divided by p(-12).
13
Suppose -5*i + 3*a = -99, -5*i + 28*a - 29*a = -87. Calculate the remainder when 584 is divided by i.
8
Let k(b) = b**2 - 4*b - 11. Suppose 10*n = 12*n + 14. Calculate the remainder when k(n) is divided by 19.
9
Let w(g) = -3*g**2 + 150*g - 239. Calculate the remainder when 218 is divided by w(48).
22
Let b(v) = -7*v - 2. Suppose 0 = -4*x - 25 - 7. What is the remainder when b(x) is divided by 6/2 + -1 + 17?
16
Let l = 98 - 88. Suppose -11*q = -l*q - 4. What is the remainder when 29 is divided by q?
1
Suppose -3*z - 14 + 169 = -4*j, 2*z = -5*j + 111. Calculate the remainder when 254 is divided by z.
42
Let h(x) = 7*x**2 + 31*x - 1. What is the remainder when 94 is divided by h(-5)?
18
Suppose 38 + 1 = n. Suppose -2*s + n + 1 = 0. Calculate the remainder when 55 is divided by s.
15
Let c be ((-10)/20)/((-2)/128). Let p be (-3 + -1)/((-8)/c). Suppose -o - p + 43 = 0. Calculate the remainder when o is divided by 14.
13
Let h(i) be the second derivative of -i + 3/2*i**3 + 1/2*i**2 + 0 - 1/12*i**4. Calculate the remainder when 1 is divided by h(9).
0
Let u = 95 - 17. Suppose 2*d + y - u + 12 = 0, 0 = d - y - 39. What is the remainder when d is divided by 12?
11
Let u(f) = -7*f**2 + 3*f - 9. Let w be u(3). Let z(t) = t**3 - 16*t**2 - 14*t + 24. Calculate the remainder when z(17) is divided by (-3)/((w/(-78))/(-7)).
23
Suppose 58*a - 63*a + 1695 = 0. Calculate the remainder when a is divided by 86.
81
Let p be 18/4 + (-11)/22. Suppose -q = -p*d + 47, q + 26 = -5*d + 87. What is the remainder when 94 is divided by d?
10
Let b(c) = c**2 - 12*c - 4. Let x be b(13). What is the remainder when 67 is divided by 12/9*x - -2?
11
Suppose 0 = -2*o + 8, -4*r + 140 = 8*o - 11*o. Calculate the remainder when r is divided by 14.
10
Let s(m) = -2*m**3 - 4*m**2 + 4*m - 2. Let f = -14 + 10. What is the remainder when s(f) is divided by 16?
14
Let t(y) = 47*y - 161. Calculate the remainder when t(4) is divided by 14.
13
Let r be (3 + 39/(-9))/((-2)/447). Suppose -98 - r = -4*m. Calculate the remainder when m is divided by 25.
24
Suppose -3*n - 63 = -0*n. Let l = n - -37. Let j(g) = -9*g - 43. Calculate the remainder when j(-8) is divided by l.
13
Let d(l) = l**2 + 3*l - 8. Let i be d(-6). Suppose -5*u - a - 3*a - 19 = 0, 4 = -u - a. Let c = u + i. What is the remainder when c is divided by 4?
3
Suppose 2*n - 2 = 2. Let z = 12518 + -12483. What is the remainder when z is divided by 1/(-1)*-11 - n?
8
Suppose 2*x - 154 = -3*d, 0 = 15*x - 20*x + d + 351. Calculate the remainder when 184 is divided by x.
42
Suppose 4383 = 4*g - w, 0 = 23*g - 26*g - w + 3289. Calculate the remainder when g is divided by 122.
120
Let h be 4/34 - (-415)/85. Suppose 4*n = -h*m + 102, -n + 5*m = 3*n - 122. What is the remainder when (1/2)/((-1)/(-106)) is divided by n?
25
Let l(o) = -8*o - 21. Calculate the remainder when 84 is divided by l(-4).
7
Let l(d) be the third derivative of -7*d**6/120 - d**5/20 - 5*d**4/24 - d**3/3 + 4*d**2. Calculate the remainder when l(-2) is divided by 27.
25
Let j(t) = -t**3 + 34*t**2 - 77*t - 17. Calculate the remainder when j(31) is divided by 96.
95
Let n = 530 - 501. Let l = 8 + -6. Suppose -2*t + 24 = 2*c, l*c + t + 33 = 4*c. What is the remainder when n is divided by c?
14
Suppose 0 = -148*c + 78*c + 7560. Calculate the remainder when c is divided by 100.
8
Suppose 3*j - 2*n - 4 + 6 = 0, -4*j + 2 = 2*n. Suppose 0 = b - 4*h - 9, 5*b + j*h - 27 = 2*h. Calculate the remainder when 19 is divided by b.
4
Suppose -13*u + 3*u + 700 = 0. What is the remainder when u is divided by 12?
10
Let o(i) = 2*i**3 + 3*i - 1. Let l be o(-3). Let f = l - -77. Let d = -17 + 25. What is the remainder when f is divided by d?
5
Suppose -4*a + 19 = -77. Let p = 130 - 132. Calculate the remainder when ((-18)/(-54))/(p/(-282)) is divided by a.
23
Let l = -319 + 406. What is the remainder when l is divided by 11?
10
Let p(h) = -16*h + 79. Calculate the remainder when 152 is divided by p(2).
11
Suppose -5*s = -10*s + 465. Let r = -36 + s. Let l = r - 21. Calculate the remainder when 106 is divided by l.
34
Let f(v) = v + 8. Let c(i) = i**2 - 2. Let h be c(2). Calculate the remainder when -1 + h - 14*-2 is divided by f(8).
13
Let j(k) = 4*k**2 - 12*k - 61. Calculate the remainder when (-10)/((-4)/2)*4 is divided by j(6).
9
Let c be -2 + 2 + 3 - 2. Suppose -4*p - c = -53. Suppose -2*g + g = -p. What is the remainder when 25 is divided by g?
12
Let b = -63 - -66. Let w be (-1)/(-2) + (-285)/(-10). Let p = w - 20. What is the remainder when p is divided by b?
0
Let v(t) = 2*t**2 - 12*t + 21. Let j(b) = 9*b + 3. Let q be j(-2). Calculate the remainder when v(6) is divided by (-24)/1*5/q.
5
Let k(u) = -38*u - 2. Let r be k(-1). Suppose r = -35*s + 37*s. Calculate the remainder when 53 is divided by s.
17
What is the remainder when ((-1)/((-8)/(-10)))/((-8)/160) is divided by 8?
1
Suppose -m - 1 - 64 = -2*x, -5*x + 200 = 5*m. Suppose 7*h - 6*h - 4 = 0. Suppose x = s + h*s. Calculate the remainder when 20 is divided by s.
6
Suppose 3*q - q - 358 = 0. Suppose 0 = 27*z - 320 - 895. Calculate the remainder when q is divided by z.
44
Calculate the remainder when 141 is divided by 528/198*(1 + 35/4).
11
Suppose -5*h = -6*h + 11. Calculate the remainder when 229 is divided by h.
9
Let q(v) be the second derivative of 5*v**4/12 - 7*v**3/6 + 7*v**2/2 - 16*v. What is the remainder when q(4) is divided by 22?
15
Let g = 101 - 67. Let c(n) = 2*n - 4. Let h be c(-4). Let a = 24 + h. What is the remainder when g is divided by a?
10
Let s(j) be the first derivative of j**4/2 + j**3 - 2*j**2 - 7*j + 3. Let d be s(-3). What is the remainder when 3/6*8 - d is divided by 10?
6
Let p(x) = -5*x - 9*x - 4*x + 0 - 3. What is the remainder when p(-2) is divided by 9?
6
Let i(h) = 5 + 24 + 8 - h**2 + 22*h. What is the remainder when 165 is divided by i(23)?
11
Let b be 2/((-4)/(-4*(-3)/(-2))). Let v = 32 - b. Calculate the remainder when v is divided by 15.
14
Suppose -k = -f - 199, -124*f + 119*f = 5. Calculate the remainder when k is divided by 75.
48
Let x = -71 - -43. Let l = -26 - x. What is the remainder when 6 is divided by l?
0
Let g = 229 + -131. Suppose -69 = -3*u + r, -4*u = u + 4*r - g. What is the remainder when 1 + u + (13 - 13) is divided by 5?
3
Let p = -14 + 3. Let t(b) = b**3 + 10*b**2 - 10*b + 13. Calculate the remainder when t(p) is divided by 2.
0
Suppose f - 472 = -3*f. What is the remainder when (-1 - -4)/(-3) + f is divided by 30?
27
Let u(n) = -n + 27. Let r be 16/88 + (-180)/22. What is the remainder when 69 is divided by u(r)?
34
Let d be -49 + 2 + 7 + -11. Let x = -16 - d. Calculate the remainder when x is divided by 9.
8
Let y(x) = -53*x - 3. Let p be y(-1). Let k = 120 - p. What is the remainder when k is divided by 36?
34
Let m = 4 - -8. Suppose 8*o - m*o + 332 = 0. What is the remainder when o is divided by 21?
20
Suppose -5*q + 2*g + 64 = -g, -5*q = -4*g - 67. Let v = 35 - q. Calculate the remainder when 47 is divided by v.
23
Suppose 3*l + 0*l - 855 = 0. Calculate the remainder when l is divided by 48.
45
Suppose -q + 4*s - 5 = -1, 22 = 2*q + 2*s. Let m(b) = -9*b + 3*b + 15 - 7*b**2 + b**3 - 3*b. Calculate the remainder when 25 is divided by m(q).
4
What is the remainder when ((-16)/(-4*1))/(50/3525) is divided by 57?
54
Let k be (-3 - 2*-7)/(-1). Let z = k - -18. Calculate the remainder when z is divided by 4.
3
Let q = 970 - 481. Suppose -q = -8*m + 55. What is the remainder when m is divided by 26?
16
Suppose 84 = -24*s + 2604. What is the remainder when s is divided by 27?
24
Let c be 1/3 + (185/(-15))/1. Let l(n) = -n**3 - 13*n**2 - 13*n + 11. What is the rema